ommon divisor of 1102 and 1553066.
58
What is the highest common divisor of 6240 and 19010?
10
What is the greatest common factor of 80352 and 100395360?
8928
Calculate the highest common factor of 681648 and 15.
3
What is the highest common factor of 14 and 50356607?
7
What is the greatest common factor of 64501 and 636?
53
Calculate the greatest common divisor of 38428059 and 327.
327
Calculate the highest common factor of 2157 and 1620626.
719
What is the highest common factor of 4214948 and 108?
4
What is the greatest common factor of 5115672 and 1692?
36
What is the highest common divisor of 2352890 and 1280?
10
What is the greatest common factor of 320 and 25658480?
80
What is the greatest common divisor of 24456942 and 108?
18
What is the highest common factor of 2369006 and 1199?
109
Calculate the highest common divisor of 17292 and 776044.
524
Calculate the greatest common divisor of 50520 and 2000.
40
Calculate the highest common factor of 8175750 and 925.
25
What is the greatest common divisor of 50959 and 71965?
389
What is the greatest common divisor of 940 and 5267572?
188
What is the highest common divisor of 162 and 622764?
18
Calculate the greatest common factor of 157458210 and 390.
390
Calculate the highest common divisor of 169506 and 148482.
1314
What is the greatest common divisor of 102545874 and 9?
9
What is the highest common divisor of 180125 and 600?
25
What is the highest common divisor of 15240725 and 4100?
1025
What is the greatest common divisor of 5120 and 66337280?
2560
Calculate the greatest common factor of 51437 and 1154.
1
Calculate the highest common factor of 83415356 and 4.
4
Calculate the highest common factor of 2809863 and 11718.
189
Calculate the highest common divisor of 145673574 and 325950.
13038
What is the greatest common factor of 38746065 and 234545?
3845
What is the greatest common divisor of 626454 and 32562?
486
What is the highest common divisor of 1231 and 107033?
1
Calculate the greatest common divisor of 2194670952 and 9864.
9864
What is the greatest common divisor of 32 and 79876640?
32
What is the greatest common divisor of 54247979 and 803?
73
Calculate the greatest common divisor of 2242 and 1089992.
38
Calculate the greatest common divisor of 102578 and 714.
238
Calculate the highest common factor of 30199279 and 139.
139
Calculate the highest common factor of 2409549025 and 325.
325
What is the highest common factor of 31660443 and 11996?
2999
What is the greatest common factor of 9760220 and 30?
10
What is the highest common factor of 5 and 137410435?
5
Calculate the greatest common divisor of 5556 and 191657924.
1852
Calculate the highest common divisor of 38611613 and 53.
53
What is the highest common factor of 4975 and 609935?
995
What is the greatest common divisor of 1850 and 2135122?
74
What is the highest common factor of 407949240 and 160?
40
What is the highest common factor of 145434 and 14646?
6
Calculate the greatest common divisor of 47454854 and 12047.
1721
Calculate the highest common factor of 1512 and 3942162.
378
What is the greatest common factor of 790730 and 325280?
1070
Calculate the highest common divisor of 43890637 and 93.
31
Calculate the greatest common factor of 15847 and 76700699.
1219
What is the highest common divisor of 3749596 and 288152?
724
What is the greatest common divisor of 433470 and 2955?
15
Calculate the greatest common factor of 109347 and 7257.
123
What is the highest common factor of 88994898 and 36822?
1938
Calculate the highest common divisor of 27252 and 1476.
36
What is the greatest common factor of 25988 and 117492?
4
Calculate the greatest common factor of 844588 and 4598.
38
Calculate the highest common divisor of 48500 and 3284500.
500
Calculate the highest common factor of 388 and 3393520944.
388
Calculate the highest common divisor of 62 and 7966318.
62
Calculate the greatest common factor of 2479 and 2588143.
67
Calculate the greatest common factor of 847 and 387989.
7
What is the greatest common factor of 1107367674 and 1294?
1294
What is the highest common factor of 1809885 and 2805?
165
Calculate the greatest common divisor of 30918285 and 45.
45
Calculate the highest common factor of 4299 and 29703224.
1433
Calculate the greatest common divisor of 3440586 and 624.
6
Calculate the highest common divisor of 3636 and 19522593.
909
Calculate the greatest common factor of 33999 and 42216.
3
Calculate the highest common divisor of 1636 and 29331844.
1636
Calculate the highest common divisor of 12430 and 95920.
110
Calculate the highest common factor of 12987624 and 624.
312
What is the highest common factor of 4416 and 6849078?
138
What is the greatest common factor of 172204525 and 1220?
305
Calculate the highest common divisor of 20 and 81432310.
10
What is the highest common divisor of 214 and 4004582?
214
What is the highest common divisor of 45560 and 147560?
680
What is the greatest common factor of 11161687 and 1?
1
Calculate the greatest common factor of 24 and 7386306.
6
Calculate the greatest common factor of 1326 and 9621014.
442
Calculate the greatest common divisor of 4590 and 9734370.
510
What is the greatest common factor of 370332718 and 1407?
469
Calculate the greatest common factor of 4245202 and 78.
26
What is the highest common factor of 855 and 190342095?
285
What is the highest common divisor of 1406416 and 83578?
2882
Calculate the highest common divisor of 30147 and 247377.
39
Calculate the highest common divisor of 512229 and 50511.
339
Calculate the highest common factor of 1807202 and 18.
2
Calculate the greatest common divisor of 2724273 and 4329.
333
What is the greatest common divisor of 852329 and 5773234?
4709
What is the highest common factor of 1920 and 466608?
48
Calculate the greatest common factor of 14300 and 13755950.
650
What is the greatest common factor of 1012 and 776336?
44
What is the greatest common factor of 836 and 1092784?
44
Calculate the greatest common factor of 510 and 182682255.
255
What is the greatest common divisor of 840 and 257682180?
420
Calculate the greatest common factor of 582430 and 545.
5
Calculate the highest common factor of 397044 and 1522809.
2421
What is the greatest common factor of 18031 and 2223247?
247
Calculate the highest common divisor of 138510 and 63585.
405
Calculate the highest common factor of 92 and 48202124.
4
Calculate the greatest common factor of 106997490 and 30.
30
Calculate the greatest common factor of 28 and 688940084.
28
What is the greatest common divisor of 10191802 and 40638?
1042
What is the greatest common divisor of 328228 and 2852?
124
Calculate the greatest common factor of 78 and 36740457.
39
Calculate the highest common divisor of 12224 and 1962304.
64
What is the greatest common factor of 15000 and 1070625?
1875
Calculate the highest common factor of 1928922 and 28356.
102
Calculate the greatest common factor of 91274 and 74166.
94
What is the highest common divisor of 36 and 23143692?
12
Calculate the greatest common divisor of 1289215703 and 218.
109
What is the highest common divisor of 60426301 and 28722?
4787
What is the greatest common divisor of 36740 and 46820120?
3340
Calculate the greatest common factor of 2870 and 1259110.
410
Calculate the highest common factor of 125416 and 5304.
8
What is the highest common factor of 32118761 and 4562?
2281
Calculate the greatest common factor of 8550443 and 154.
11
What is the highest common factor of 133651 and 100345?
427
Calculate the highest common divisor of 32636 and 467482.
82
Calculate the highest common divisor of 2514 and 30288253.
419
What is the highest common factor of 495447084 and 5940?
1188
Calculate the highest common divisor of 29580 and 43631265.
255
Calculate the highest common divisor of 3821353 and 742.
53
Calculate the highest common factor of 1136367 and 186.
93
What is the highest common factor of 308302 and 51014?
2218
What is the greatest common factor of 1701556 and 740?
148
What is the greatest common factor of 11444 and 6874983?
2861
Calculate the highest common divisor of 341110301 and 5553.
617
Calculate the greatest common divisor of 100591932 and 11151.
1239
What is the highest common factor of 5097939 and 113883?
6699
Calculate the hig